{"id":452,"date":"2016-04-06T11:52:31","date_gmt":"2016-04-06T09:52:31","guid":{"rendered":"http:\/\/web.vdkf-ev.de\/site\/?page_id=452"},"modified":"2016-05-20T12:50:02","modified_gmt":"2016-05-20T10:50:02","slug":"gruendung-und-profil-des-historiker-kreises","status":"publish","type":"page","link":"https:\/\/vdkf-ev.de\/web\/site\/index.php\/gruendung-und-profil-des-historiker-kreises\/","title":{"rendered":"Gr\u00fcndung und Profil des Historiker-Kreises"},"content":{"rendered":"<table width=\"643\">\n<tbody>\n<tr>\n<td colspan=\"2\" width=\"643\">\n<h2><\/h2>\n<p>&nbsp;<\/td>\n<\/tr>\n<tr>\n<td width=\"487\">Der VDKF hat auf seiner Mitgliederversammlung im Jahr 2003 eine intensivere Bearbeitung der Geschichte des Kokereiwesens als eines seiner Vereinsziele beschlossen. In der Folge hat der Vorstand des VDKF die Bildung eines Historiker-Kreises veranlasst, dessen Koordination das VDKF-Mitglied Dr. Michael Farrenkopf, Leiter des Montanhistorischen Dokumentations-zentrums beim Deutschen Bergbau-Museum Bochum (DBM), \u00fcbernommen hat. Herr Dr. Farrenkopf wird in seiner T\u00e4tigkeit als Leiter des Historiker-Kreises durch Herrn Dipl.-Ing. Wolf-Dieter Ko\u00dfke unterst\u00fctzt.<\/td>\n<td width=\"156\">\n<p style=\"text-align: center;\"><img loading=\"lazy\" decoding=\"async\" class=\"aligncenter\" src=\"https:\/\/www.vdkf-ev.de\/upload\/explorer\/Historiker\/Gruendung-und-Profil-4-Dateien\/image001.jpg\" alt=\"\" width=\"126\" height=\"180\" \/><br \/>\nMichael Farrenkopf<\/p>\n<\/td>\n<\/tr>\n<\/tbody>\n<\/table>\n<p>&nbsp;<\/p>\n<table width=\"619\">\n<tbody>\n<tr>\n<td width=\"151\">\n<p style=\"text-align: center;\"><img loading=\"lazy\" decoding=\"async\" class=\"aligncenter\" src=\"https:\/\/www.vdkf-ev.de\/upload\/explorer\/Historiker\/Gruendung-und-Profil-4-Dateien\/image002.jpg\" alt=\"\" width=\"133\" height=\"164\" \/><br \/>\nWolf-Dieter Ko\u00dfke<\/p>\n<\/td>\n<td width=\"468\">Nachdem zu Beginn des Jahres 2004 eine Fragebogen-Aktion zur Werbung von Mitarbeitern und Feststellung interessierender Themen durchgef\u00fchrt worden war, trat das Gremium am 30. Juli 2004 zu seiner konstituierenden Sitzung im DBM zusammen. Inzwischen konnten achtundzwanzig Sitzungen (Stand: Juli 2011) des Historiker-Kreises abgehalten werden, in deren Verlauf folgende Damen und Herren die Mitarbeit aufgenommen haben:<\/td>\n<\/tr>\n<\/tbody>\n<\/table>\n<p>&nbsp;<\/p>\n<table width=\"655\">\n<tbody>\n<tr>\n<td width=\"151\">&nbsp;<\/td>\n<td width=\"504\">Monika Berg, Dortmund<\/p>\n<p>Dr. Heribert Bertling, Hattingen<\/p>\n<p>Dipl.-Ing. Peter Budovinsky, Linz\/\u00d6sterreich (korrespondierendes Mitglied)<\/p>\n<p>Dr. Gerd-Peter Bl\u00fcmer, Dinslaken<\/p>\n<p>Dr. Gerd Collin, Frankfurt a.M.\/Duisburg (korrespondierendes Mitglied)<\/p>\n<p>Dipl.-Ing. Herwig Drescher, Duisburg<\/p>\n<p>Dipl.-Ing. Hans-J\u00fcrgen Fischer, Essen<\/p>\n<p>Dipl.-Ing. Walter E. Gantenberg, Bochum<\/p>\n<p>Dr. Michael Hein, Essen<\/p>\n<p>Dr. Klaus Hofherr, Essen<\/p>\n<p>Dipl.-Betriebswirt Erwin Karsten, Recklinghausen<\/p>\n<p>Dr. Gerd Louis, Essen<\/p>\n<p>Dr. Gerd Nashan, Hamburg<\/p>\n<p>Dr. Heinz Opdenwinkel, Dortmund<\/p>\n<p>Dr. Rainer Reichelt, Ratingen<\/p>\n<p>Dr. Gerhard R\u00f6bke, Bochum<\/p>\n<p>Axel Scheibe M.A., Dortmund<\/p>\n<p>Dr. Harald Stoppa, Dortmund (korrespondierendes Mitglied)<\/p>\n<p>Dipl.-Ing. Hermann Toll, Essen<\/p>\n<p>Dipl.-Ing. Hans-Dieter Wolf, Bochum<\/p>\n<p>&nbsp;<\/td>\n<\/tr>\n<tr>\n<td colspan=\"2\" width=\"655\">Um innerhalb des VDKF auf den neu gegr\u00fcndeten Historiker-Kreis aufmerksam zu machen und weitere Mitarbeiter zu gewinnen, wurde im Rahmen der Mitgliederversammlung 2004 des VDKF unter \u201eTop 8: Verschiedenes\u201c erstmals \u00fcber das Gremium berichtet. Anl\u00e4sslich der Fachtagung Kokereitechnik am 21.\/22. April 2005 im Rellinghaus der RAG AG hat Herr Dr. Gerd Louis einen Vortrag zum Thema \u201eAus der Arbeit des VDKF-Historiker-Kreises \u2013 Das Projekt \u201aChronik deutscher Kokereien\u2018\u201c gehalten. Dieser Vortrag konnte ein Projekt, das innerhalb des Historiker-Kreises unterst\u00fctzt wird, exemplarisch f\u00fcr das inzwischen erreichte inhaltliche Wirken des Gremiums breitenwirksam darstellen.<\/td>\n<\/tr>\n<\/tbody>\n<\/table>\n<p>&nbsp;<\/p>\n","protected":false},"excerpt":{"rendered":"<p>&nbsp; Der VDKF hat auf seiner Mitgliederversammlung im Jahr 2003 eine intensivere Bearbeitung der Geschichte des Kokereiwesens als eines seiner Vereinsziele beschlossen. In der Folge hat der Vorstand des VDKF die Bildung eines Historiker-Kreises veranlasst, dessen Koordination das VDKF-Mitglied Dr. Michael Farrenkopf, Leiter des Montanhistorischen Dokumentations-zentrums beim Deutschen Bergbau-Museum Bochum (DBM), \u00fcbernommen hat. Herr Dr. &#8230; <a title=\"Gr\u00fcndung und Profil des Historiker-Kreises\" class=\"read-more\" href=\"https:\/\/vdkf-ev.de\/web\/site\/index.php\/gruendung-und-profil-des-historiker-kreises\/\" aria-label=\"Mehr Informationen \u00fcber Gr\u00fcndung und Profil des Historiker-Kreises\">Weiterlesen<\/a><\/p>\n","protected":false},"author":1,"featured_media":0,"parent":0,"menu_order":0,"comment_status":"closed","ping_status":"closed","template":"","meta":{"footnotes":""},"class_list":["post-452","page","type-page","status-publish"],"_links":{"self":[{"href":"https:\/\/vdkf-ev.de\/web\/site\/index.php\/wp-json\/wp\/v2\/pages\/452"}],"collection":[{"href":"https:\/\/vdkf-ev.de\/web\/site\/index.php\/wp-json\/wp\/v2\/pages"}],"about":[{"href":"https:\/\/vdkf-ev.de\/web\/site\/index.php\/wp-json\/wp\/v2\/types\/page"}],"author":[{"embeddable":true,"href":"https:\/\/vdkf-ev.de\/web\/site\/index.php\/wp-json\/wp\/v2\/users\/1"}],"replies":[{"embeddable":true,"href":"https:\/\/vdkf-ev.de\/web\/site\/index.php\/wp-json\/wp\/v2\/comments?post=452"}],"version-history":[{"count":0,"href":"https:\/\/vdkf-ev.de\/web\/site\/index.php\/wp-json\/wp\/v2\/pages\/452\/revisions"}],"wp:attachment":[{"href":"https:\/\/vdkf-ev.de\/web\/site\/index.php\/wp-json\/wp\/v2\/media?parent=452"}],"curies":[{"name":"wp","href":"https:\/\/api.w.org\/{rel}","templated":true}]}}

Gründung und Profil des Historiker-Kreises

<table width="643">
<tbody>
<tr>
<td colspan="2" width="643">
<h2></h2>
<p>&nbsp;</td>
</tr>
<tr>
<td width="487">Der VDKF hat auf seiner Mitgliederversammlung im Jahr 2003 eine intensivere Bearbeitung der Geschichte des Kokereiwesens als eines seiner Vereinsziele beschlossen. In der Folge hat der Vorstand des VDKF die Bildung eines Historiker-Kreises veranlasst, dessen Koordination das VDKF-Mitglied Dr. Michael Farrenkopf, Leiter des Montanhistorischen Dokumentations-zentrums beim Deutschen Bergbau-Museum Bochum (DBM), übernommen hat. Herr Dr. Farrenkopf wird in seiner Tätigkeit als Leiter des Historiker-Kreises durch Herrn Dipl.-Ing. Wolf-Dieter Koßke unterstützt.</td>
<td width="156">
<p style="text-align: center;"><img loading="lazy" decoding="async" class="aligncenter" src="https://www.vdkf-ev.de/upload/explorer/Historiker/Gruendung-und-Profil-4-Dateien/image001.jpg" alt="" width="126" height="180" /><br />
Michael Farrenkopf</p>
</td>
</tr>
</tbody>
</table>
<p>&nbsp;</p>
<table width="619">
<tbody>
<tr>
<td width="151">
<p style="text-align: center;"><img loading="lazy" decoding="async" class="aligncenter" src="https://www.vdkf-ev.de/upload/explorer/Historiker/Gruendung-und-Profil-4-Dateien/image002.jpg" alt="" width="133" height="164" /><br />
Wolf-Dieter Koßke</p>
</td>
<td width="468">Nachdem zu Beginn des Jahres 2004 eine Fragebogen-Aktion zur Werbung von Mitarbeitern und Feststellung interessierender Themen durchgeführt worden war, trat das Gremium am 30. Juli 2004 zu seiner konstituierenden Sitzung im DBM zusammen. Inzwischen konnten achtundzwanzig Sitzungen (Stand: Juli 2011) des Historiker-Kreises abgehalten werden, in deren Verlauf folgende Damen und Herren die Mitarbeit aufgenommen haben:</td>
</tr>
</tbody>
</table>
<p>&nbsp;</p>
<table width="655">
<tbody>
<tr>
<td width="151">&nbsp;</td>
<td width="504">Monika Berg, Dortmund</p>
<p>Dr. Heribert Bertling, Hattingen</p>
<p>Dipl.-Ing. Peter Budovinsky, Linz/Österreich (korrespondierendes Mitglied)</p>
<p>Dr. Gerd-Peter Blümer, Dinslaken</p>
<p>Dr. Gerd Collin, Frankfurt a.M./Duisburg (korrespondierendes Mitglied)</p>
<p>Dipl.-Ing. Herwig Drescher, Duisburg</p>
<p>Dipl.-Ing. Hans-Jürgen Fischer, Essen</p>
<p>Dipl.-Ing. Walter E. Gantenberg, Bochum</p>
<p>Dr. Michael Hein, Essen</p>
<p>Dr. Klaus Hofherr, Essen</p>
<p>Dipl.-Betriebswirt Erwin Karsten, Recklinghausen</p>
<p>Dr. Gerd Louis, Essen</p>
<p>Dr. Gerd Nashan, Hamburg</p>
<p>Dr. Heinz Opdenwinkel, Dortmund</p>
<p>Dr. Rainer Reichelt, Ratingen</p>
<p>Dr. Gerhard Röbke, Bochum</p>
<p>Axel Scheibe M.A., Dortmund</p>
<p>Dr. Harald Stoppa, Dortmund (korrespondierendes Mitglied)</p>
<p>Dipl.-Ing. Hermann Toll, Essen</p>
<p>Dipl.-Ing. Hans-Dieter Wolf, Bochum</p>
<p>&nbsp;</td>
</tr>
<tr>
<td colspan="2" width="655">Um innerhalb des VDKF auf den neu gegründeten Historiker-Kreis aufmerksam zu machen und weitere Mitarbeiter zu gewinnen, wurde im Rahmen der Mitgliederversammlung 2004 des VDKF unter „Top 8: Verschiedenes“ erstmals über das Gremium berichtet. Anlässlich der Fachtagung Kokereitechnik am 21./22. April 2005 im Rellinghaus der RAG AG hat Herr Dr. Gerd Louis einen Vortrag zum Thema „Aus der Arbeit des VDKF-Historiker-Kreises – Das Projekt ‚Chronik deutscher Kokereien‘“ gehalten. Dieser Vortrag konnte ein Projekt, das innerhalb des Historiker-Kreises unterstützt wird, exemplarisch für das inzwischen erreichte inhaltliche Wirken des Gremiums breitenwirksam darstellen.</td>
</tr>
</tbody>
</table>
<p>&nbsp;</p>

<p>&nbsp; Der VDKF hat auf seiner Mitgliederversammlung im Jahr 2003 eine intensivere Bearbeitung der Geschichte des Kokereiwesens als eines seiner Vereinsziele beschlossen. In der Folge hat der Vorstand des VDKF die Bildung eines Historiker-Kreises veranlasst, dessen Koordination das VDKF-Mitglied Dr. Michael Farrenkopf, Leiter des Montanhistorischen Dokumentations-zentrums beim Deutschen Bergbau-Museum Bochum (DBM), übernommen hat. Herr Dr. &#8230; <a title="Gründung und Profil des Historiker-Kreises" class="read-more" href="https://vdkf-ev.de/web/site/index.php/gruendung-und-profil-des-historiker-kreises/" aria-label="Mehr Informationen über Gründung und Profil des Historiker-Kreises">Weiterlesen</a></p>
