{"id":53,"date":"2015-02-02T10:48:54","date_gmt":"2015-02-02T10:48:54","guid":{"rendered":"http:\/\/cms.vdkf-ev.de\/cms\/?page_id=53"},"modified":"2018-12-12T13:14:32","modified_gmt":"2018-12-12T12:14:32","slug":"aktuelles-2","status":"publish","type":"page","link":"https:\/\/vdkf-ev.de\/web\/site\/index.php\/home\/aktuelles-2\/","title":{"rendered":"Gr\u00fcndung und Profil"},"content":{"rendered":"<p>Der VDKF hat auf seiner Mitgliederversammlung im Jahr 2003 eine intensivere Bearbeitung der Geschichte des Kokereiwesens als eines seiner Vereinsziele beschlossen. In der Folge hatte der Vorstand des VDKF die Bildung eines Historiker-Kreises veranlasst, dessen Koordination Herr Dr. Michael Farrenkopf, Leiter des Montanhistorischen Dokumentationszentrums (<a href=\"https:\/\/www.bergbaumuseum.de\/de\/montan-dok\">montan.dok<\/a>) beim Deutschen Bergbau-Museum Bochum (DBM), \u00fcbernahm. Gerade in der Gr\u00fcndungsphase erhielt er tatkr\u00e4ftige Unterst\u00fctzung durch Herrn Dipl.-Ing. Wolf-Dieter Ko\u00dfke.<\/p>\n<table>\n<tbody>\n<tr>\n<td width=\"178\"><a href=\"https:\/\/www.vdkf-ev.de\/web\/site\/wp-content\/uploads\/2018\/12\/farrenkopf.jpg\"><img loading=\"lazy\" decoding=\"async\" class=\"wp-image-837 aligncenter\" src=\"https:\/\/www.vdkf-ev.de\/web\/site\/wp-content\/uploads\/2018\/12\/farrenkopf-246x300.jpg\" alt=\"\" width=\"159\" height=\"194\" srcset=\"https:\/\/vdkf-ev.de\/web\/site\/wp-content\/uploads\/2018\/12\/farrenkopf-246x300.jpg 246w, https:\/\/vdkf-ev.de\/web\/site\/wp-content\/uploads\/2018\/12\/farrenkopf-364x444.jpg 364w, https:\/\/vdkf-ev.de\/web\/site\/wp-content\/uploads\/2018\/12\/farrenkopf-16x20.jpg 16w, https:\/\/vdkf-ev.de\/web\/site\/wp-content\/uploads\/2018\/12\/farrenkopf.jpg 385w\" sizes=\"(max-width: 159px) 100vw, 159px\" \/><\/a><\/td>\n<td width=\"254\"><a href=\"https:\/\/www.vdkf-ev.de\/web\/site\/wp-content\/uploads\/2018\/12\/koske.jpg\"><img loading=\"lazy\" decoding=\"async\" class=\"aligncenter wp-image-836 \" src=\"https:\/\/www.vdkf-ev.de\/web\/site\/wp-content\/uploads\/2018\/12\/koske-e1544615262749-246x300.jpg\" alt=\"\" width=\"170\" height=\"207\" srcset=\"https:\/\/vdkf-ev.de\/web\/site\/wp-content\/uploads\/2018\/12\/koske-e1544615262749-246x300.jpg 246w, https:\/\/vdkf-ev.de\/web\/site\/wp-content\/uploads\/2018\/12\/koske-e1544615262749-16x20.jpg 16w, https:\/\/vdkf-ev.de\/web\/site\/wp-content\/uploads\/2018\/12\/koske-e1544615262749.jpg 341w\" sizes=\"(max-width: 170px) 100vw, 170px\" \/><\/a><\/td>\n<td width=\"172\"><a href=\"https:\/\/www.vdkf-ev.de\/web\/site\/wp-content\/uploads\/2018\/12\/hein.jpg\"><img loading=\"lazy\" decoding=\"async\" class=\"wp-image-835 aligncenter\" src=\"https:\/\/www.vdkf-ev.de\/web\/site\/wp-content\/uploads\/2018\/12\/hein-e1544615296399-214x300.jpg\" alt=\"\" width=\"132\" height=\"185\" srcset=\"https:\/\/vdkf-ev.de\/web\/site\/wp-content\/uploads\/2018\/12\/hein-e1544615296399-214x300.jpg 214w, https:\/\/vdkf-ev.de\/web\/site\/wp-content\/uploads\/2018\/12\/hein-e1544615296399-317x444.jpg 317w, https:\/\/vdkf-ev.de\/web\/site\/wp-content\/uploads\/2018\/12\/hein-e1544615296399-14x20.jpg 14w, https:\/\/vdkf-ev.de\/web\/site\/wp-content\/uploads\/2018\/12\/hein-e1544615296399.jpg 320w\" sizes=\"(max-width: 132px) 100vw, 132px\" \/><\/a><\/td>\n<\/tr>\n<tr>\n<td width=\"178\">\n<p style=\"text-align: center;\">Dr. Michael Farrenkopf<\/p>\n<\/td>\n<td width=\"254\">\n<p style=\"text-align: center;\">Dipl.-Ing. Wolf-Dieter Ko\u00dfke<\/p>\n<\/td>\n<td width=\"172\">\n<p style=\"text-align: center;\">Dr. Michael Hein<\/p>\n<\/td>\n<\/tr>\n<\/tbody>\n<\/table>\n<p>&nbsp;<\/p>\n<p>Nachdem zu Beginn des Jahres 2004 eine Fragebogen-Aktion zur Werbung von Mitarbeitern und Feststellung interessierender Themen durchgef\u00fchrt worden war, trat das Gremium am 30. Juli 2004 zu seiner konstituierenden Sitzung im DBM in Bochum zusammen. In der Folgezeit fanden die Sitzungen drei- bis viermal pro Jahr statt. Gastgeber war bis zum Jahr 2017 in der Regel das DBM. Im Zusammenhang mit der Umgestaltung des DBM wurde ein anderer Sitzungsort erforderlich, der dankenswerterweise von der Industriedenkmal-Stiftung auf der ehemaligen Kokerei Hansa in Dortmund zur Verf\u00fcgung gestellt wurde.<\/p>\n<p>&nbsp;<\/p>\n<table>\n<tbody>\n<tr>\n<td width=\"307\"><a href=\"https:\/\/www.vdkf-ev.de\/web\/site\/wp-content\/uploads\/2018\/12\/bergbau-museum.jpg\"><img loading=\"lazy\" decoding=\"async\" class=\" wp-image-834 aligncenter\" src=\"https:\/\/www.vdkf-ev.de\/web\/site\/wp-content\/uploads\/2018\/12\/bergbau-museum-300x180.jpg\" alt=\"\" width=\"415\" height=\"249\" srcset=\"https:\/\/vdkf-ev.de\/web\/site\/wp-content\/uploads\/2018\/12\/bergbau-museum-300x180.jpg 300w, https:\/\/vdkf-ev.de\/web\/site\/wp-content\/uploads\/2018\/12\/bergbau-museum-600x361.jpg 600w, https:\/\/vdkf-ev.de\/web\/site\/wp-content\/uploads\/2018\/12\/bergbau-museum-768x462.jpg 768w, https:\/\/vdkf-ev.de\/web\/site\/wp-content\/uploads\/2018\/12\/bergbau-museum-618x372.jpg 618w, https:\/\/vdkf-ev.de\/web\/site\/wp-content\/uploads\/2018\/12\/bergbau-museum-444x267.jpg 444w, https:\/\/vdkf-ev.de\/web\/site\/wp-content\/uploads\/2018\/12\/bergbau-museum-20x12.jpg 20w, https:\/\/vdkf-ev.de\/web\/site\/wp-content\/uploads\/2018\/12\/bergbau-museum.jpg 846w\" sizes=\"(max-width: 415px) 100vw, 415px\" \/><\/a><\/td>\n<td width=\"307\"><a href=\"https:\/\/www.vdkf-ev.de\/web\/site\/wp-content\/uploads\/2018\/12\/hansa.jpg\"><img loading=\"lazy\" decoding=\"async\" class=\"alignnone wp-image-838\" src=\"https:\/\/www.vdkf-ev.de\/web\/site\/wp-content\/uploads\/2018\/12\/hansa-300x200.jpg\" alt=\"\" width=\"383\" height=\"255\" srcset=\"https:\/\/vdkf-ev.de\/web\/site\/wp-content\/uploads\/2018\/12\/hansa-300x200.jpg 300w, https:\/\/vdkf-ev.de\/web\/site\/wp-content\/uploads\/2018\/12\/hansa-600x400.jpg 600w, https:\/\/vdkf-ev.de\/web\/site\/wp-content\/uploads\/2018\/12\/hansa-618x412.jpg 618w, https:\/\/vdkf-ev.de\/web\/site\/wp-content\/uploads\/2018\/12\/hansa-444x296.jpg 444w, https:\/\/vdkf-ev.de\/web\/site\/wp-content\/uploads\/2018\/12\/hansa-20x13.jpg 20w, https:\/\/vdkf-ev.de\/web\/site\/wp-content\/uploads\/2018\/12\/hansa.jpg 634w\" sizes=\"(max-width: 383px) 100vw, 383px\" \/><\/a><\/td>\n<\/tr>\n<tr>\n<td width=\"307\">\n<p style=\"text-align: center;\">Deutsches Bergbau-Museum, Bochum<\/p>\n<\/td>\n<td width=\"307\">\n<p style=\"text-align: center;\">Betriebsgeb\u00e4ude der ehemaligen Kokerei Hansa, Dortmund<\/p>\n<\/td>\n<\/tr>\n<\/tbody>\n<\/table>\n<p>&nbsp;<\/p>\n<p>&nbsp;<\/p>\n<p>Im September 2017 fand die 50. Sitzung des Historiker-Kreises statt, bei der Herr Dr. Michael Farrenkopf auf Grund starker Beanspruchung durch andere Aufgaben die Leitung an Herrn Dr. Michael Hein \u00fcbergab.<\/p>\n<p>&nbsp;<\/p>\n<table width=\"0\">\n<tbody>\n<tr>\n<td width=\"669\"><a href=\"https:\/\/www.vdkf-ev.de\/web\/site\/wp-content\/uploads\/2018\/12\/50shk.jpg\"><img loading=\"lazy\" decoding=\"async\" class=\"wp-image-833 aligncenter\" src=\"https:\/\/www.vdkf-ev.de\/web\/site\/wp-content\/uploads\/2018\/12\/50shk-300x200.jpg\" alt=\"\" width=\"555\" height=\"370\" srcset=\"https:\/\/vdkf-ev.de\/web\/site\/wp-content\/uploads\/2018\/12\/50shk-300x200.jpg 300w, https:\/\/vdkf-ev.de\/web\/site\/wp-content\/uploads\/2018\/12\/50shk-600x401.jpg 600w, https:\/\/vdkf-ev.de\/web\/site\/wp-content\/uploads\/2018\/12\/50shk-1024x684.jpg 1024w, https:\/\/vdkf-ev.de\/web\/site\/wp-content\/uploads\/2018\/12\/50shk-768x513.jpg 768w, https:\/\/vdkf-ev.de\/web\/site\/wp-content\/uploads\/2018\/12\/50shk-1536x1026.jpg 1536w, https:\/\/vdkf-ev.de\/web\/site\/wp-content\/uploads\/2018\/12\/50shk-1534x1024.jpg 1534w, https:\/\/vdkf-ev.de\/web\/site\/wp-content\/uploads\/2018\/12\/50shk-618x413.jpg 618w, https:\/\/vdkf-ev.de\/web\/site\/wp-content\/uploads\/2018\/12\/50shk-444x296.jpg 444w, https:\/\/vdkf-ev.de\/web\/site\/wp-content\/uploads\/2018\/12\/50shk-20x13.jpg 20w, https:\/\/vdkf-ev.de\/web\/site\/wp-content\/uploads\/2018\/12\/50shk.jpg 1583w\" sizes=\"(max-width: 555px) 100vw, 555px\" \/><\/a><\/td>\n<\/tr>\n<tr>\n<td width=\"669\">\n<p style=\"text-align: center;\">50. Sitzung des Historiker-Kreises am 11. September 2017 auf der Kokerei Schwelgern<\/p>\n<\/td>\n<\/tr>\n<\/tbody>\n<\/table>\n<p>&nbsp;<\/p>\n<p>Auch wenn sich in den zur\u00fcckliegenden Jahren die personelle Zusammensetzung des Historiker-Kreises immer wieder ver\u00e4ndert hatte, so sind es weiterhin 10 bis 12 Personen, die sich zu den regelm\u00e4\u00dfigen Treffen versammeln.<\/p>\n<p>Von den Sitzungen des Historiker-Kreises werden Vermerke angelegt, die von den Mitgliedern des VDKF im internen Mitgliederbereich seines Internetauftritts eingesehen werden k\u00f6nnen.<\/p>\n<p>&nbsp;<\/p>\n<p>\u00dcber verschiedene Projekte wurde im Rahmen der <a href=\"https:\/\/www.vdkf-ev.de\/web\/site\/index.php\/fachtagung\/\">Fachtagung f\u00fcr Kokereitechnik<\/a>\u00a0berichtet. Hervorzuheben ist hierbei das Interview-Projekt <a href=\"https:\/\/www.vdkf-ev.de\/web\/site\/wp-content\/uploads\/2018\/12\/12-Zeitzeugen-des-deutschen-Kokereiwesens-Ein-Interviewp_1.pdf\">\u201eZeitzeugen des deutschen Kokereiwesens\u201c<\/a>, bei dem fast 90 Pers\u00f6nlichkeiten \u00fcber ihr Berufsleben befragt wurden.<\/p>\n<p>&nbsp;<\/p>\n","protected":false},"excerpt":{"rendered":"<p>Der VDKF hat auf seiner Mitgliederversammlung im Jahr 2003 eine intensivere Bearbeitung der Geschichte des Kokereiwesens als eines seiner Vereinsziele beschlossen. In der Folge hatte der Vorstand des VDKF die Bildung eines Historiker-Kreises veranlasst, dessen Koordination Herr Dr. Michael Farrenkopf, Leiter des Montanhistorischen Dokumentationszentrums (montan.dok) beim Deutschen Bergbau-Museum Bochum (DBM), \u00fcbernahm. Gerade in der Gr\u00fcndungsphase &#8230; <a title=\"Gr\u00fcndung und Profil\" class=\"read-more\" href=\"https:\/\/vdkf-ev.de\/web\/site\/index.php\/home\/aktuelles-2\/\" aria-label=\"Mehr Informationen \u00fcber Gr\u00fcndung und Profil\">Weiterlesen<\/a><\/p>\n","protected":false},"author":1,"featured_media":0,"parent":11,"menu_order":0,"comment_status":"closed","ping_status":"open","template":"","meta":{"footnotes":""},"class_list":["post-53","page","type-page","status-publish"],"_links":{"self":[{"href":"https:\/\/vdkf-ev.de\/web\/site\/index.php\/wp-json\/wp\/v2\/pages\/53"}],"collection":[{"href":"https:\/\/vdkf-ev.de\/web\/site\/index.php\/wp-json\/wp\/v2\/pages"}],"about":[{"href":"https:\/\/vdkf-ev.de\/web\/site\/index.php\/wp-json\/wp\/v2\/types\/page"}],"author":[{"embeddable":true,"href":"https:\/\/vdkf-ev.de\/web\/site\/index.php\/wp-json\/wp\/v2\/users\/1"}],"replies":[{"embeddable":true,"href":"https:\/\/vdkf-ev.de\/web\/site\/index.php\/wp-json\/wp\/v2\/comments?post=53"}],"version-history":[{"count":0,"href":"https:\/\/vdkf-ev.de\/web\/site\/index.php\/wp-json\/wp\/v2\/pages\/53\/revisions"}],"up":[{"embeddable":true,"href":"https:\/\/vdkf-ev.de\/web\/site\/index.php\/wp-json\/wp\/v2\/pages\/11"}],"wp:attachment":[{"href":"https:\/\/vdkf-ev.de\/web\/site\/index.php\/wp-json\/wp\/v2\/media?parent=53"}],"curies":[{"name":"wp","href":"https:\/\/api.w.org\/{rel}","templated":true}]}}

Gründung und Profil

<p>Der VDKF hat auf seiner Mitgliederversammlung im Jahr 2003 eine intensivere Bearbeitung der Geschichte des Kokereiwesens als eines seiner Vereinsziele beschlossen. In der Folge hatte der Vorstand des VDKF die Bildung eines Historiker-Kreises veranlasst, dessen Koordination Herr Dr. Michael Farrenkopf, Leiter des Montanhistorischen Dokumentationszentrums (<a href="https://www.bergbaumuseum.de/de/montan-dok">montan.dok</a>) beim Deutschen Bergbau-Museum Bochum (DBM), übernahm. Gerade in der Gründungsphase erhielt er tatkräftige Unterstützung durch Herrn Dipl.-Ing. Wolf-Dieter Koßke.</p>
<table>
<tbody>
<tr>
<td width="178"><a href="https://www.vdkf-ev.de/web/site/wp-content/uploads/2018/12/farrenkopf.jpg"><img loading="lazy" decoding="async" class="wp-image-837 aligncenter" src="https://www.vdkf-ev.de/web/site/wp-content/uploads/2018/12/farrenkopf-246x300.jpg" alt="" width="159" height="194" srcset="https://vdkf-ev.de/web/site/wp-content/uploads/2018/12/farrenkopf-246x300.jpg 246w, https://vdkf-ev.de/web/site/wp-content/uploads/2018/12/farrenkopf-364x444.jpg 364w, https://vdkf-ev.de/web/site/wp-content/uploads/2018/12/farrenkopf-16x20.jpg 16w, https://vdkf-ev.de/web/site/wp-content/uploads/2018/12/farrenkopf.jpg 385w" sizes="(max-width: 159px) 100vw, 159px" /></a></td>
<td width="254"><a href="https://www.vdkf-ev.de/web/site/wp-content/uploads/2018/12/koske.jpg"><img loading="lazy" decoding="async" class="aligncenter wp-image-836 " src="https://www.vdkf-ev.de/web/site/wp-content/uploads/2018/12/koske-e1544615262749-246x300.jpg" alt="" width="170" height="207" srcset="https://vdkf-ev.de/web/site/wp-content/uploads/2018/12/koske-e1544615262749-246x300.jpg 246w, https://vdkf-ev.de/web/site/wp-content/uploads/2018/12/koske-e1544615262749-16x20.jpg 16w, https://vdkf-ev.de/web/site/wp-content/uploads/2018/12/koske-e1544615262749.jpg 341w" sizes="(max-width: 170px) 100vw, 170px" /></a></td>
<td width="172"><a href="https://www.vdkf-ev.de/web/site/wp-content/uploads/2018/12/hein.jpg"><img loading="lazy" decoding="async" class="wp-image-835 aligncenter" src="https://www.vdkf-ev.de/web/site/wp-content/uploads/2018/12/hein-e1544615296399-214x300.jpg" alt="" width="132" height="185" srcset="https://vdkf-ev.de/web/site/wp-content/uploads/2018/12/hein-e1544615296399-214x300.jpg 214w, https://vdkf-ev.de/web/site/wp-content/uploads/2018/12/hein-e1544615296399-317x444.jpg 317w, https://vdkf-ev.de/web/site/wp-content/uploads/2018/12/hein-e1544615296399-14x20.jpg 14w, https://vdkf-ev.de/web/site/wp-content/uploads/2018/12/hein-e1544615296399.jpg 320w" sizes="(max-width: 132px) 100vw, 132px" /></a></td>
</tr>
<tr>
<td width="178">
<p style="text-align: center;">Dr. Michael Farrenkopf</p>
</td>
<td width="254">
<p style="text-align: center;">Dipl.-Ing. Wolf-Dieter Koßke</p>
</td>
<td width="172">
<p style="text-align: center;">Dr. Michael Hein</p>
</td>
</tr>
</tbody>
</table>
<p>&nbsp;</p>
<p>Nachdem zu Beginn des Jahres 2004 eine Fragebogen-Aktion zur Werbung von Mitarbeitern und Feststellung interessierender Themen durchgeführt worden war, trat das Gremium am 30. Juli 2004 zu seiner konstituierenden Sitzung im DBM in Bochum zusammen. In der Folgezeit fanden die Sitzungen drei- bis viermal pro Jahr statt. Gastgeber war bis zum Jahr 2017 in der Regel das DBM. Im Zusammenhang mit der Umgestaltung des DBM wurde ein anderer Sitzungsort erforderlich, der dankenswerterweise von der Industriedenkmal-Stiftung auf der ehemaligen Kokerei Hansa in Dortmund zur Verfügung gestellt wurde.</p>
<p>&nbsp;</p>
<table>
<tbody>
<tr>
<td width="307"><a href="https://www.vdkf-ev.de/web/site/wp-content/uploads/2018/12/bergbau-museum.jpg"><img loading="lazy" decoding="async" class=" wp-image-834 aligncenter" src="https://www.vdkf-ev.de/web/site/wp-content/uploads/2018/12/bergbau-museum-300x180.jpg" alt="" width="415" height="249" srcset="https://vdkf-ev.de/web/site/wp-content/uploads/2018/12/bergbau-museum-300x180.jpg 300w, https://vdkf-ev.de/web/site/wp-content/uploads/2018/12/bergbau-museum-600x361.jpg 600w, https://vdkf-ev.de/web/site/wp-content/uploads/2018/12/bergbau-museum-768x462.jpg 768w, https://vdkf-ev.de/web/site/wp-content/uploads/2018/12/bergbau-museum-618x372.jpg 618w, https://vdkf-ev.de/web/site/wp-content/uploads/2018/12/bergbau-museum-444x267.jpg 444w, https://vdkf-ev.de/web/site/wp-content/uploads/2018/12/bergbau-museum-20x12.jpg 20w, https://vdkf-ev.de/web/site/wp-content/uploads/2018/12/bergbau-museum.jpg 846w" sizes="(max-width: 415px) 100vw, 415px" /></a></td>
<td width="307"><a href="https://www.vdkf-ev.de/web/site/wp-content/uploads/2018/12/hansa.jpg"><img loading="lazy" decoding="async" class="alignnone wp-image-838" src="https://www.vdkf-ev.de/web/site/wp-content/uploads/2018/12/hansa-300x200.jpg" alt="" width="383" height="255" srcset="https://vdkf-ev.de/web/site/wp-content/uploads/2018/12/hansa-300x200.jpg 300w, https://vdkf-ev.de/web/site/wp-content/uploads/2018/12/hansa-600x400.jpg 600w, https://vdkf-ev.de/web/site/wp-content/uploads/2018/12/hansa-618x412.jpg 618w, https://vdkf-ev.de/web/site/wp-content/uploads/2018/12/hansa-444x296.jpg 444w, https://vdkf-ev.de/web/site/wp-content/uploads/2018/12/hansa-20x13.jpg 20w, https://vdkf-ev.de/web/site/wp-content/uploads/2018/12/hansa.jpg 634w" sizes="(max-width: 383px) 100vw, 383px" /></a></td>
</tr>
<tr>
<td width="307">
<p style="text-align: center;">Deutsches Bergbau-Museum, Bochum</p>
</td>
<td width="307">
<p style="text-align: center;">Betriebsgebäude der ehemaligen Kokerei Hansa, Dortmund</p>
</td>
</tr>
</tbody>
</table>
<p>&nbsp;</p>
<p>&nbsp;</p>
<p>Im September 2017 fand die 50. Sitzung des Historiker-Kreises statt, bei der Herr Dr. Michael Farrenkopf auf Grund starker Beanspruchung durch andere Aufgaben die Leitung an Herrn Dr. Michael Hein übergab.</p>
<p>&nbsp;</p>
<table width="0">
<tbody>
<tr>
<td width="669"><a href="https://www.vdkf-ev.de/web/site/wp-content/uploads/2018/12/50shk.jpg"><img loading="lazy" decoding="async" class="wp-image-833 aligncenter" src="https://www.vdkf-ev.de/web/site/wp-content/uploads/2018/12/50shk-300x200.jpg" alt="" width="555" height="370" srcset="https://vdkf-ev.de/web/site/wp-content/uploads/2018/12/50shk-300x200.jpg 300w, https://vdkf-ev.de/web/site/wp-content/uploads/2018/12/50shk-600x401.jpg 600w, https://vdkf-ev.de/web/site/wp-content/uploads/2018/12/50shk-1024x684.jpg 1024w, https://vdkf-ev.de/web/site/wp-content/uploads/2018/12/50shk-768x513.jpg 768w, https://vdkf-ev.de/web/site/wp-content/uploads/2018/12/50shk-1536x1026.jpg 1536w, https://vdkf-ev.de/web/site/wp-content/uploads/2018/12/50shk-1534x1024.jpg 1534w, https://vdkf-ev.de/web/site/wp-content/uploads/2018/12/50shk-618x413.jpg 618w, https://vdkf-ev.de/web/site/wp-content/uploads/2018/12/50shk-444x296.jpg 444w, https://vdkf-ev.de/web/site/wp-content/uploads/2018/12/50shk-20x13.jpg 20w, https://vdkf-ev.de/web/site/wp-content/uploads/2018/12/50shk.jpg 1583w" sizes="(max-width: 555px) 100vw, 555px" /></a></td>
</tr>
<tr>
<td width="669">
<p style="text-align: center;">50. Sitzung des Historiker-Kreises am 11. September 2017 auf der Kokerei Schwelgern</p>
</td>
</tr>
</tbody>
</table>
<p>&nbsp;</p>
<p>Auch wenn sich in den zurückliegenden Jahren die personelle Zusammensetzung des Historiker-Kreises immer wieder verändert hatte, so sind es weiterhin 10 bis 12 Personen, die sich zu den regelmäßigen Treffen versammeln.</p>
<p>Von den Sitzungen des Historiker-Kreises werden Vermerke angelegt, die von den Mitgliedern des VDKF im internen Mitgliederbereich seines Internetauftritts eingesehen werden können.</p>
<p>&nbsp;</p>
<p>Über verschiedene Projekte wurde im Rahmen der <a href="https://www.vdkf-ev.de/web/site/index.php/fachtagung/">Fachtagung für Kokereitechnik</a> berichtet. Hervorzuheben ist hierbei das Interview-Projekt <a href="https://www.vdkf-ev.de/web/site/wp-content/uploads/2018/12/12-Zeitzeugen-des-deutschen-Kokereiwesens-Ein-Interviewp_1.pdf">„Zeitzeugen des deutschen Kokereiwesens“</a>, bei dem fast 90 Persönlichkeiten über ihr Berufsleben befragt wurden.</p>
<p>&nbsp;</p>

<p>Der VDKF hat auf seiner Mitgliederversammlung im Jahr 2003 eine intensivere Bearbeitung der Geschichte des Kokereiwesens als eines seiner Vereinsziele beschlossen. In der Folge hatte der Vorstand des VDKF die Bildung eines Historiker-Kreises veranlasst, dessen Koordination Herr Dr. Michael Farrenkopf, Leiter des Montanhistorischen Dokumentationszentrums (montan.dok) beim Deutschen Bergbau-Museum Bochum (DBM), übernahm. Gerade in der Gründungsphase &#8230; <a title="Gründung und Profil" class="read-more" href="https://vdkf-ev.de/web/site/index.php/home/aktuelles-2/" aria-label="Mehr Informationen über Gründung und Profil">Weiterlesen</a></p>
