{"id":59,"date":"2015-02-02T10:49:33","date_gmt":"2015-02-02T10:49:33","guid":{"rendered":"http:\/\/cms.vdkf-ev.de\/cms\/?page_id=59"},"modified":"2025-03-13T11:47:25","modified_gmt":"2025-03-13T10:47:25","slug":"fachtagung","status":"publish","type":"page","link":"https:\/\/vdkf-ev.de\/web\/site\/index.php\/fachtagung\/","title":{"rendered":"Fachtagung"},"content":{"rendered":"<p>&nbsp;<\/p>\n<p>Zur Verwirklichung seiner Zielsetzung veranstaltet der VDKF allj\u00e4hrlich eine Fachtagung, mit der ein regelm\u00e4\u00dfiger Dialog zwischen den Experten aus dem Kokereibereich gef\u00f6rdert wird. In den vergangenen Jahren trafen sich hierzu j\u00e4hrlich ca. 200 Zuh\u00f6rer aus den Kokereibetrieben, aus den Unternehmen der Kokereibau- und zulieferindustrie, aus Forschungsinstitutionen sowie aus dem Beh\u00f6rdenbereich. Von diesem Erfahrungsaustausch profitieren auch in zunehmendem Ma\u00dfe die an der Tagung teilnehmende Kokereianlagenbetreiber aus dem europ\u00e4ischen Ausland.In den vergangenen 25 Jahren haben ann\u00e4hernd 6000 Teilnehmer in etwa 200 Vortr\u00e4ge geh\u00f6rt. Schwerpunktthemen waren Betriebserfahrungen bei der Kokserzeugung, Fragen des Umweltschutzes, Kohle- und Koksqualit\u00e4t, aktuelle Projekte der Kokereibaufirmen oder die internationale Situation der Kokereiwirtschaft. Auch historische Themen aus der Kokereitechnik fanden breiten Anklang.<\/p>\n<p>&nbsp;<\/p>\n<p>Neben dem Verfolgen der Fachvortr\u00e4ge haben die Teilnehmer bei dieser Veranstaltung ausreichend Gelegenheit, sich mit Fachkollegen auszutauschen. Letzteres nicht nur beim geselligen Ausklang zum Abschluss des ersten Veranstaltungstages.<\/p>\n<p>Die Jahrestagungen wurden in der Vergangenheit mit viel Erfolg im Haus der Technik in Essen, im Deutschen Bergbau-Museum in Bochum sowie im Rellinghaus der Evonik Industries AG in Essen durchgef\u00fchrt. Eine Besonderheit bildete die Veranstaltung im Jahr 2016, die erstmalig in der Kreuzeskirche in Essen stattfand.<\/p>\n<p>Die Veranstaltung bildet den w\u00fcrdigen Rahmen f\u00fcr die Verleihung von Preisen: die Koker-Medaille des VDKF an eine verdiente Pers\u00f6nlichkeit des Kokereiwesens sowie den F\u00f6rderpreis der Stiftung zur F\u00f6rderung des Kokereiwesens in Technik und Wissenschaft an eine Nachwuchskraft aus dem Kokereibereich.<\/p>\n","protected":false},"excerpt":{"rendered":"<p>&nbsp; Zur Verwirklichung seiner Zielsetzung veranstaltet der VDKF allj\u00e4hrlich eine Fachtagung, mit der ein regelm\u00e4\u00dfiger Dialog zwischen den Experten aus dem Kokereibereich gef\u00f6rdert wird. In den vergangenen Jahren trafen sich hierzu j\u00e4hrlich ca. 200 Zuh\u00f6rer aus den Kokereibetrieben, aus den Unternehmen der Kokereibau- und zulieferindustrie, aus Forschungsinstitutionen sowie aus dem Beh\u00f6rdenbereich. Von diesem Erfahrungsaustausch profitieren &#8230; <a title=\"Fachtagung\" class=\"read-more\" href=\"https:\/\/vdkf-ev.de\/web\/site\/index.php\/fachtagung\/\" aria-label=\"Mehr Informationen \u00fcber Fachtagung\">Weiterlesen<\/a><\/p>\n","protected":false},"author":1,"featured_media":0,"parent":0,"menu_order":0,"comment_status":"closed","ping_status":"open","template":"","meta":{"footnotes":""},"class_list":["post-59","page","type-page","status-publish"],"_links":{"self":[{"href":"https:\/\/vdkf-ev.de\/web\/site\/index.php\/wp-json\/wp\/v2\/pages\/59"}],"collection":[{"href":"https:\/\/vdkf-ev.de\/web\/site\/index.php\/wp-json\/wp\/v2\/pages"}],"about":[{"href":"https:\/\/vdkf-ev.de\/web\/site\/index.php\/wp-json\/wp\/v2\/types\/page"}],"author":[{"embeddable":true,"href":"https:\/\/vdkf-ev.de\/web\/site\/index.php\/wp-json\/wp\/v2\/users\/1"}],"replies":[{"embeddable":true,"href":"https:\/\/vdkf-ev.de\/web\/site\/index.php\/wp-json\/wp\/v2\/comments?post=59"}],"version-history":[{"count":1,"href":"https:\/\/vdkf-ev.de\/web\/site\/index.php\/wp-json\/wp\/v2\/pages\/59\/revisions"}],"predecessor-version":[{"id":1478,"href":"https:\/\/vdkf-ev.de\/web\/site\/index.php\/wp-json\/wp\/v2\/pages\/59\/revisions\/1478"}],"wp:attachment":[{"href":"https:\/\/vdkf-ev.de\/web\/site\/index.php\/wp-json\/wp\/v2\/media?parent=59"}],"curies":[{"name":"wp","href":"https:\/\/api.w.org\/{rel}","templated":true}]}}