{"id":75,"date":"2015-02-02T10:51:23","date_gmt":"2015-02-02T10:51:23","guid":{"rendered":"http:\/\/cms.vdkf-ev.de\/cms\/?page_id=75"},"modified":"2016-05-20T12:49:43","modified_gmt":"2016-05-20T10:49:43","slug":"behoerden","status":"publish","type":"page","link":"https:\/\/vdkf-ev.de\/web\/site\/index.php\/behoerden\/","title":{"rendered":"Beh\u00f6rden"},"content":{"rendered":"<h5>Beh\u00f6rden<\/h5>\n<h5><a href=\"http:\/\/www.bezreg-arnsberg.nrw.de\/\">Bez.-Reg. Arnsberg<\/a><\/h5>\n<h5><a href=\"http:\/\/www.brd.nrw.de\/BezRegDdorf\/hierarchie\/index.php\">Bez.-Reg. D\u00fcsseldorf<\/a><\/h5>\n<h5><a href=\"http:\/\/www.eea.europa.eu\/de\">Europ\u00e4ische Umwelt Agentur<\/a><\/h5>\n<h5><a href=\"http:\/\/eippcb.jrc.es\/\">IPPC Bureau<\/a><\/h5>\n<h5><a href=\"http:\/\/www.lua.nrw.de\/d3ed1.htm\">Landesumweltamt NW<\/a><br \/>\n<a href=\"http:\/\/www.stua-du.nrw.de\/\">STUA Duisburg<\/a><\/h5>\n<h5><a href=\"http:\/\/umweltbundesamt.de\/\">Umweltbundesamt<\/a><\/h5>\n<h5><a href=\"http:\/\/www.umwelt.saarland.de\/\">Umweltministerium Saarland<\/a><\/h5>\n<h5><a href=\"http:\/\/www.cdc.gov\/niosh\/homepage.html\">US Arbeitsschutz (NIOSH)<\/a><\/h5>\n<h5><a href=\"http:\/\/www.epa.gov\/\">US EPA<\/a><\/h5>\n","protected":false},"excerpt":{"rendered":"<p>Beh\u00f6rden Bez.-Reg. Arnsberg Bez.-Reg. D\u00fcsseldorf Europ\u00e4ische Umwelt Agentur IPPC Bureau Landesumweltamt NW STUA Duisburg Umweltbundesamt Umweltministerium Saarland US Arbeitsschutz (NIOSH) US EPA<\/p>\n","protected":false},"author":1,"featured_media":0,"parent":0,"menu_order":0,"comment_status":"closed","ping_status":"open","template":"","meta":{"footnotes":""},"class_list":["post-75","page","type-page","status-publish"],"_links":{"self":[{"href":"https:\/\/vdkf-ev.de\/web\/site\/index.php\/wp-json\/wp\/v2\/pages\/75"}],"collection":[{"href":"https:\/\/vdkf-ev.de\/web\/site\/index.php\/wp-json\/wp\/v2\/pages"}],"about":[{"href":"https:\/\/vdkf-ev.de\/web\/site\/index.php\/wp-json\/wp\/v2\/types\/page"}],"author":[{"embeddable":true,"href":"https:\/\/vdkf-ev.de\/web\/site\/index.php\/wp-json\/wp\/v2\/users\/1"}],"replies":[{"embeddable":true,"href":"https:\/\/vdkf-ev.de\/web\/site\/index.php\/wp-json\/wp\/v2\/comments?post=75"}],"version-history":[{"count":0,"href":"https:\/\/vdkf-ev.de\/web\/site\/index.php\/wp-json\/wp\/v2\/pages\/75\/revisions"}],"wp:attachment":[{"href":"https:\/\/vdkf-ev.de\/web\/site\/index.php\/wp-json\/wp\/v2\/media?parent=75"}],"curies":[{"name":"wp","href":"https:\/\/api.w.org\/{rel}","templated":true}]}}

Behörden

<h5>Behörden</h5>
<h5><a href="http://www.bezreg-arnsberg.nrw.de/">Bez.-Reg. Arnsberg</a></h5>
<h5><a href="http://www.brd.nrw.de/BezRegDdorf/hierarchie/index.php">Bez.-Reg. Düsseldorf</a></h5>
<h5><a href="http://www.eea.europa.eu/de">Europäische Umwelt Agentur</a></h5>
<h5><a href="http://eippcb.jrc.es/">IPPC Bureau</a></h5>
<h5><a href="http://www.lua.nrw.de/d3ed1.htm">Landesumweltamt NW</a><br />
<a href="http://www.stua-du.nrw.de/">STUA Duisburg</a></h5>
<h5><a href="http://umweltbundesamt.de/">Umweltbundesamt</a></h5>
<h5><a href="http://www.umwelt.saarland.de/">Umweltministerium Saarland</a></h5>
<h5><a href="http://www.cdc.gov/niosh/homepage.html">US Arbeitsschutz (NIOSH)</a></h5>
<h5><a href="http://www.epa.gov/">US EPA</a></h5>

<p>Behörden Bez.-Reg. Arnsberg Bez.-Reg. Düsseldorf Europäische Umwelt Agentur IPPC Bureau Landesumweltamt NW STUA Duisburg Umweltbundesamt Umweltministerium Saarland US Arbeitsschutz (NIOSH) US EPA</p>
